[INFO] fetching crate yacll 0.7.1...
[INFO] checking yacll-0.7.1 against master#e6e4f7ed1589e03bc2f6c5931c1a72e7947e8682 for beta-170-4
[INFO] extracting crate yacll 0.7.1 into /workspace/builds/worker-7-tc2/source
[INFO] validating manifest of crates.io crate yacll 0.7.1 on toolchain e6e4f7ed1589e03bc2f6c5931c1a72e7947e8682
[INFO] running `Command { std: CARGO_HOME="/workspace/cargo-home" RUSTUP_HOME="/workspace/rustup-home" "/workspace/cargo-home/bin/cargo" "+e6e4f7ed1589e03bc2f6c5931c1a72e7947e8682" "metadata" "--manifest-path" "Cargo.toml" "--no-deps", kill_on_drop: false }`
[INFO] started tweaking crates.io crate yacll 0.7.1
[INFO] finished tweaking crates.io crate yacll 0.7.1
[INFO] tweaked toml for crates.io crate yacll 0.7.1 written to /workspace/builds/worker-7-tc2/source/Cargo.toml
[INFO] crate crates.io crate yacll 0.7.1 already has a lockfile, it will not be regenerated
[INFO] running `Command { std: CARGO_HOME="/workspace/cargo-home" RUSTUP_HOME="/workspace/rustup-home" "/workspace/cargo-home/bin/cargo" "+e6e4f7ed1589e03bc2f6c5931c1a72e7947e8682" "fetch" "--manifest-path" "Cargo.toml", kill_on_drop: false }`
[INFO] [stderr]     Blocking waiting for file lock on package cache
[INFO] [stderr]     Blocking waiting for file lock on package cache
[INFO] running `Command { std: "docker" "create" "-v" "/var/lib/crater-agent-workspace/builds/worker-7-tc2/target:/opt/rustwide/target:rw,Z" "-v" "/var/lib/crater-agent-workspace/builds/worker-7-tc2/source:/opt/rustwide/workdir:ro,Z" "-v" "/var/lib/crater-agent-workspace/cargo-home:/opt/rustwide/cargo-home:ro,Z" "-v" "/var/lib/crater-agent-workspace/rustup-home:/opt/rustwide/rustup-home:ro,Z" "-e" "SOURCE_DIR=/opt/rustwide/workdir" "-e" "CARGO_TARGET_DIR=/opt/rustwide/target" "-e" "CARGO_HOME=/opt/rustwide/cargo-home" "-e" "RUSTUP_HOME=/opt/rustwide/rustup-home" "-w" "/opt/rustwide/workdir" "-m" "1610612736" "--user" "0:0" "--network" "none" "ghcr.io/rust-lang/crates-build-env/linux@sha256:19e73879b68f455e41552ea35293514db52ea292d993f571636dbffedb77a1ee" "/opt/rustwide/cargo-home/bin/cargo" "+e6e4f7ed1589e03bc2f6c5931c1a72e7947e8682" "metadata" "--no-deps" "--format-version=1", kill_on_drop: false }`
[INFO] [stdout] 0512358fd30eaf788ce7846f304f356253c11c85c948a4421a39ca39f9c5420e
[INFO] running `Command { std: "docker" "start" "-a" "0512358fd30eaf788ce7846f304f356253c11c85c948a4421a39ca39f9c5420e", kill_on_drop: false }`
[INFO] running `Command { std: "docker" "inspect" "0512358fd30eaf788ce7846f304f356253c11c85c948a4421a39ca39f9c5420e", kill_on_drop: false }`
[INFO] running `Command { std: "docker" "rm" "-f" "0512358fd30eaf788ce7846f304f356253c11c85c948a4421a39ca39f9c5420e", kill_on_drop: false }`
[INFO] [stdout] 0512358fd30eaf788ce7846f304f356253c11c85c948a4421a39ca39f9c5420e
[INFO] running `Command { std: "docker" "create" "-v" "/var/lib/crater-agent-workspace/builds/worker-7-tc2/target:/opt/rustwide/target:rw,Z" "-v" "/var/lib/crater-agent-workspace/builds/worker-7-tc2/source:/opt/rustwide/workdir:ro,Z" "-v" "/var/lib/crater-agent-workspace/cargo-home:/opt/rustwide/cargo-home:ro,Z" "-v" "/var/lib/crater-agent-workspace/rustup-home:/opt/rustwide/rustup-home:ro,Z" "-e" "SOURCE_DIR=/opt/rustwide/workdir" "-e" "CARGO_TARGET_DIR=/opt/rustwide/target" "-e" "CARGO_INCREMENTAL=0" "-e" "RUST_BACKTRACE=full" "-e" "RUSTFLAGS=--cap-lints=forbid" "-e" "RUSTDOCFLAGS=--cap-lints=forbid" "-e" "CARGO_HOME=/opt/rustwide/cargo-home" "-e" "RUSTUP_HOME=/opt/rustwide/rustup-home" "-w" "/opt/rustwide/workdir" "-m" "1610612736" "--user" "0:0" "--network" "none" "ghcr.io/rust-lang/crates-build-env/linux@sha256:19e73879b68f455e41552ea35293514db52ea292d993f571636dbffedb77a1ee" "/opt/rustwide/cargo-home/bin/cargo" "+e6e4f7ed1589e03bc2f6c5931c1a72e7947e8682" "check" "--frozen" "--all" "--all-targets" "--message-format=json", kill_on_drop: false }`
[INFO] [stdout] 7a0ce73009880499c3ef2227439a783607951e327a28cce68569704be597cb06
[INFO] running `Command { std: "docker" "start" "-a" "7a0ce73009880499c3ef2227439a783607951e327a28cce68569704be597cb06", kill_on_drop: false }`
[INFO] [stderr]    Compiling libc v0.2.137
[INFO] [stderr]    Compiling proc-macro2 v1.0.47
[INFO] [stderr]    Compiling unicode-ident v1.0.5
[INFO] [stderr]    Compiling log v0.4.17
[INFO] [stderr]    Compiling syn v1.0.103
[INFO] [stderr]    Compiling signal-hook v0.3.14
[INFO] [stderr]    Compiling parking_lot_core v0.9.4
[INFO] [stderr]    Compiling quote v1.0.21
[INFO] [stderr]     Checking signal-hook-registry v1.4.0
[INFO] [stderr]     Checking mio v0.8.5
[INFO] [stderr]     Checking parking_lot v0.12.1
[INFO] [stderr]     Checking signal-hook-mio v0.2.3
[INFO] [stderr]     Checking crossterm v0.25.0
[INFO] [stderr]    Compiling thiserror-impl v1.0.37
[INFO] [stderr]     Checking thiserror v1.0.37
[INFO] [stderr]     Checking yacll v0.7.1 (/opt/rustwide/workdir)
[INFO] [stdout] error[E0599]: no method named `foreground` found for struct `Styler` in the current scope
[INFO] [stdout]    --> examples/mouse.rs:108:10
[INFO] [stdout]     |
[INFO] [stdout] 107 | /     Styler::new()
[INFO] [stdout] 108 | |         .foreground(Color::White)
[INFO] [stdout]     | |         -^^^^^^^^^^ private field, not a method
[INFO] [stdout]     | |_________|
[INFO] [stdout]     | 
[INFO] [stdout] 
[INFO] [stdout] 
[INFO] [stdout] error[E0599]: no method named `foreground` found for struct `Styler` in the current scope
[INFO] [stdout]    --> examples/mouse.rs:115:10
[INFO] [stdout]     |
[INFO] [stdout] 114 | /     Styler::new()
[INFO] [stdout] 115 | |         .foreground(Color::Black)
[INFO] [stdout]     | |         -^^^^^^^^^^ private field, not a method
[INFO] [stdout]     | |_________|
[INFO] [stdout]     | 
[INFO] [stdout] 
[INFO] [stdout] 
[INFO] [stdout] error[E0599]: no method named `foreground` found for struct `Styler` in the current scope
[INFO] [stdout]  --> examples/styles.rs:7:10
[INFO] [stdout]   |
[INFO] [stdout] 6 | /     Styler::new()
[INFO] [stdout] 7 | |         .foreground(Color::Red)
[INFO] [stdout]   | |         -^^^^^^^^^^ private field, not a method
[INFO] [stdout]   | |_________|
[INFO] [stdout]   | 
[INFO] [stdout] 
[INFO] [stdout] 
[INFO] [stdout] error[E0599]: no method named `foreground` found for struct `Styler` in the current scope
[INFO] [stdout]    --> examples/mouse.rs:123:10
[INFO] [stdout]     |
[INFO] [stdout] 122 | /     Styler::new()
[INFO] [stdout] 123 | |         .foreground(Color::Red)
[INFO] [stdout]     | |         -^^^^^^^^^^ private field, not a method
[INFO] [stdout]     | |_________|
[INFO] [stdout]     | 
[INFO] [stdout] 
[INFO] [stdout] 
[INFO] [stdout] error: aborting due to previous error
[INFO] [stdout] 
[INFO] [stdout] 
[INFO] [stdout] For more information about this error, try `rustc --explain E0599`.
[INFO] [stdout] 
[INFO] [stdout] error[E0599]: no method named `foreground` found for struct `Styler` in the current scope
[INFO] [stdout]    --> examples/mouse.rs:130:10
[INFO] [stdout]     |
[INFO] [stdout] 129 | /     Styler::new()
[INFO] [stdout] 130 | |         .foreground(Color::Green)
[INFO] [stdout]     | |         -^^^^^^^^^^ private field, not a method
[INFO] [stdout]     | |_________|
[INFO] [stdout]     | 
[INFO] [stdout] 
[INFO] [stdout] 
[INFO] [stderr] error: could not compile `yacll` (example "styles") due to 2 previous errors
[INFO] [stderr] warning: build failed, waiting for other jobs to finish...
[INFO] [stdout] error[E0599]: no method named `foreground` found for struct `Styler` in the current scope
[INFO] [stdout]    --> examples/mouse.rs:137:10
[INFO] [stdout]     |
[INFO] [stdout] 136 | /     Styler::new()
[INFO] [stdout] 137 | |         .foreground(Color::Yellow)
[INFO] [stdout]     | |         -^^^^^^^^^^ private field, not a method
[INFO] [stdout]     | |_________|
[INFO] [stdout]     | 
[INFO] [stdout] 
[INFO] [stdout] 
[INFO] [stdout] error[E0599]: no method named `foreground` found for struct `Styler` in the current scope
[INFO] [stdout]    --> examples/mouse.rs:144:10
[INFO] [stdout]     |
[INFO] [stdout] 143 | /     Styler::new()
[INFO] [stdout] 144 | |         .foreground(Color::Blue)
[INFO] [stdout]     | |         -^^^^^^^^^^ private field, not a method
[INFO] [stdout]     | |_________|
[INFO] [stdout]     | 
[INFO] [stdout] 
[INFO] [stdout] 
[INFO] [stdout] error[E0599]: no method named `foreground` found for struct `Styler` in the current scope
[INFO] [stdout]    --> examples/mouse.rs:151:10
[INFO] [stdout]     |
[INFO] [stdout] 150 | /     Styler::new()
[INFO] [stdout] 151 | |         .foreground(Color::Magenta)
[INFO] [stdout]     | |         -^^^^^^^^^^ private field, not a method
[INFO] [stdout]     | |_________|
[INFO] [stdout]     | 
[INFO] [stdout] 
[INFO] [stdout] 
[INFO] [stdout] error[E0599]: no method named `foreground` found for struct `Styler` in the current scope
[INFO] [stdout]    --> examples/mouse.rs:158:10
[INFO] [stdout]     |
[INFO] [stdout] 157 | /     Styler::new()
[INFO] [stdout] 158 | |         .foreground(Color::Cyan)
[INFO] [stdout]     | |         -^^^^^^^^^^ private field, not a method
[INFO] [stdout]     | |_________|
[INFO] [stdout]     | 
[INFO] [stdout] 
[INFO] [stdout] 
[INFO] [stdout] error: aborting due to 8 previous errors
[INFO] [stdout] 
[INFO] [stdout] 
[INFO] [stdout] For more information about this error, try `rustc --explain E0599`.
[INFO] [stdout] 
[INFO] [stderr] error: could not compile `yacll` (example "mouse") due to 9 previous errors
[INFO] running `Command { std: "docker" "inspect" "7a0ce73009880499c3ef2227439a783607951e327a28cce68569704be597cb06", kill_on_drop: false }`
[INFO] running `Command { std: "docker" "rm" "-f" "7a0ce73009880499c3ef2227439a783607951e327a28cce68569704be597cb06", kill_on_drop: false }`
[INFO] [stdout] 7a0ce73009880499c3ef2227439a783607951e327a28cce68569704be597cb06
